{"id":1693,"date":"2019-02-08T08:10:21","date_gmt":"2019-02-08T08:10:21","guid":{"rendered":"https:\/\/desarrollo.vidalquadrasramon.com\/origenes-e-identidad-2\/"},"modified":"2023-04-19T09:12:36","modified_gmt":"2023-04-19T09:12:36","slug":"origenes-e-identidad-2","status":"publish","type":"page","link":"https:\/\/desarrollo.vidalquadrasramon.com\/en\/origenes-e-identidad-2\/","title":{"rendered":"04-ORIGENES E IDENTIDAD 2"},"content":{"rendered":"<p>[et_pb_section bb_built=&#8221;1&#8243; _builder_version=&#8221;3.19.5&#8243; next_background_color=&#8221;#000000&#8243; custom_margin=&#8221;0px||0px|&#8221; custom_padding=&#8221;0px||0px|&#8221; inner_shadow=&#8221;on&#8221;][et_pb_row _builder_version=&#8221;3.19.5&#8243; gutter_width=&#8221;1&#8243; module_alignment=&#8221;center&#8221; make_fullwidth=&#8221;on&#8221; custom_width_px=&#8221;2600px&#8221; custom_margin=&#8221;0px|0px|0px|0px&#8221; custom_padding=&#8221;0px|0px|0px|0px&#8221; use_custom_gutter=&#8221;on&#8221;][et_pb_column type=&#8221;4_4&#8243;][et_pb_image _builder_version=&#8221;3.19.5&#8243; src=&#8221;https:\/\/desarrollo.vidalquadrasramon.com\/wp-content\/uploads\/2019\/02\/VQR_L_ORIGENES4.jpg&#8221; force_fullwidth=&#8221;on&#8221; align=&#8221;center&#8221; \/][\/et_pb_column][\/et_pb_row][\/et_pb_section][et_pb_section bb_built=&#8221;1&#8243; _builder_version=&#8221;3.19.5&#8243; module_id=&#8221;Servicios&#8221; prev_background_color=&#8221;#000000&#8243;][et_pb_row _builder_version=&#8221;3.19.5&#8243; use_custom_gutter=&#8221;on&#8221; gutter_width=&#8221;1&#8243; border_color_top=&#8221;#37b7b7&#8243; border_color_bottom=&#8221;#37b7b7&#8243; custom_margin=&#8221;0px||0px|&#8221; custom_padding=&#8221;0px||0px|&#8221;][et_pb_column type=&#8221;2_3&#8243;][et_pb_text _builder_version=&#8221;3.19.5&#8243; header_4_line_height=&#8221;1.5em&#8221; saved_tabs=&#8221;all&#8221; header_4_font_size=&#8221;13px&#8221; header_4_text_color=&#8221;#424242&#8243; text_font_size=&#8221;8px&#8221;]<\/p>\n<div class=\"et_pb_module et_pb_text et_pb_text_2 et_pb_bg_layout_light et_pb_text_align_left\">\n<div class=\"et_pb_text_inner\">\n<h4 style=\"text-align: left;\"><a href=\"https:\/\/desarrollo.vidalquadrasramon.com\/en\/proyecto\/\">PROYECTO<\/a> \u00a0 \u00a0 \u00a0 \u00a0 <span style=\"color: #37b7b7;\">OR\u00cdGENES E IDENTIDAD<\/span>\u00a0 \u00a0 \u00a0\u00a0 \u00a0 <a href=\"https:\/\/desarrollo.vidalquadrasramon.com\/en\/compromiso\/\">COMPROMISO<\/a>\u00a0 \u00a0\u00a0\u00a0 \u00a0\u00a0 <a href=\"https:\/\/desarrollo.vidalquadrasramon.com\/en\/reconocimientos\/\">RECONOCIMIENTOS<\/a> \u00a0 \u00a0 \u00a0 \u00a0 <a href=\"https:\/\/desarrollo.vidalquadrasramon.com\/en\/responsabilidad-social\/\">RESPONSABILIDAD SOCIAL<\/a><\/h4>\n<\/div>\n<\/div>\n<p>[\/et_pb_text][\/et_pb_column][et_pb_column type=&#8221;1_3&#8243;][\/et_pb_column][\/et_pb_row][et_pb_row _builder_version=&#8221;3.19.5&#8243; module_alignment=&#8221;center&#8221; gutter_width=&#8221;1&#8243; border_color_top=&#8221;#37b7b7&#8243; border_color_bottom=&#8221;#37b7b7&#8243; custom_margin=&#8221;0px|||&#8221; custom_padding=&#8221;0px|||&#8221;][et_pb_column type=&#8221;3_4&#8243;][\/et_pb_column][et_pb_column type=&#8221;1_4&#8243;][et_pb_image _builder_version=&#8221;3.19.5&#8243; src=&#8221;https:\/\/desarrollo.vidalquadrasramon.com\/wp-content\/uploads\/2019\/01\/VQR_IPLAW.jpg&#8221; max_width=&#8221;40%&#8221; url=&#8221;https:\/\/desarrollo.vidalquadrasramon.com\/&#8221; max_width_last_edited=&#8221;on|desktop&#8221; max_width_tablet=&#8221;0%&#8221; saved_tabs=&#8221;all&#8221; show_bottom_space=&#8221;off&#8221; custom_margin=&#8221;|8px|0px|&#8221; custom_padding=&#8221;|8px|0px|&#8221; \/][\/et_pb_column][\/et_pb_row][et_pb_row _builder_version=&#8221;3.19.5&#8243; gutter_width=&#8221;1&#8243; custom_margin_last_edited=&#8221;on|desktop&#8221; custom_padding_last_edited=&#8221;on|desktop&#8221; use_custom_gutter=&#8221;on&#8221; custom_margin=&#8221;0px|||&#8221; custom_padding=&#8221;0px|||&#8221;][et_pb_column type=&#8221;3_4&#8243;][et_pb_text _builder_version=&#8221;3.19.5&#8243; header_2_font_size=&#8221;23px&#8221; border_width_bottom=&#8221;1px&#8221; max_width=&#8221;98%&#8221;]<\/p>\n<h4>ORIGENES E IDENTIDAD<strong><br \/><\/strong><\/h4>\n<p>[\/et_pb_text][et_pb_text _builder_version=&#8221;3.19.5&#8243; header_2_font_size=&#8221;23px&#8221;]<\/p>\n<p><strong>Nuestros or\u00edgenes han determinado nuestra evoluci\u00f3n y experiencia<\/strong>. Hay dos despachos de abogados que han precedido al actual y que son parte de nuestra identidad: Torrents &amp; Advocats y Amat &amp; Vidal-Quadras.<\/p>\n<p>En el a\u00f1o <strong>1982<\/strong>, Luis Torrents fund\u00f3 <strong>Torrents &amp; Advocats<\/strong>, despacho especializado en propiedad industrial. A \u00e9l se incorpor\u00f3 Miguel Vidal-Quadras en el a\u00f1o 1997. En los a\u00f1os 80 y 90 del siglo pasado, el despacho prestaba sus servicios con especial dedicaci\u00f3n y compromiso a la industria nacional, lo que determin\u00f3 su evoluci\u00f3n, sobre todo en sectores como el farmac\u00e9utico, y lo convirti\u00f3 en uno de los principales despachos de referencia en materia de propiedad industrial, en especial en el sector qu\u00edmico-farmac\u00e9utico.<\/p>\n<p>En el a\u00f1o<strong> 2003<\/strong>, Luis Torrents y Miguel Vidal-Quadras se incorporan al bufete <strong>Amat &amp; Vidal-Quadras<\/strong> y crean el departamento de propiedad industrial, dirigido por Miguel Vidal-Quadras.<\/p>\n<p>Un a\u00f1o m\u00e1s tarde, en septiembre de <strong>2004<\/strong>, Oriol Ramon se incorpor\u00f3 al departamento de propiedad industrial, contribuyendo con el tiempo a la consolidaci\u00f3n de\u00a0<strong>Amat &amp; Vidal-Quadras<\/strong> como referente espa\u00f1ol, a nivel nacional e internacional.<\/p>\n<p>En el a\u00f1o <strong>2019<\/strong>, convencidos de la necesidad de centrar sus esfuerzos en el asesoramiento especializado dentro del \u00e1mbito de la propiedad industrial, Miguel Vidal-Quadras y Oriol Ramon decidieron crear su propio proyecto y fundar <strong>VIDAL-QUADRAS &amp; RAMON<\/strong>, un despacho exclusivamente dedicado a este \u00e1rea del derecho, con un alto grado de cualificaci\u00f3n.<\/p>\n<p>Los miembros de\u00a0<strong>VIDAL-QUADRAS &amp; RAMON<\/strong> cuentan con la capacidad y experiencia necesarias para proporcionar el servicio riguroso y exhaustivo que precisan los asuntos m\u00e1s complejos en el campo de la propiedad industrial.<\/p>\n<p><strong>Para nosotros resulta fundamental ofrecer un asesoramiento de alta calidad y rigor, con la mayor honestidad y transparencia, y basado en el estudio, la experiencia y la creatividad.<\/strong> En un \u00e1mbito como la propiedad industrial la especializaci\u00f3n confiere un valor de particular importancia al servicio que prestamos.<\/p>\n<p>[\/et_pb_text][et_pb_divider _builder_version=&#8221;3.19.5&#8243; show_divider=&#8221;off&#8221; height=&#8221;5px&#8221; \/][\/et_pb_column][et_pb_column type=&#8221;1_4&#8243;][\/et_pb_column][\/et_pb_row][\/et_pb_section]<\/p>\n","protected":false},"excerpt":{"rendered":"<p>[et_pb_section bb_built=&#8221;1&#8243; _builder_version=&#8221;3.19.5&#8243; next_background_color=&#8221;#000000&#8243; custom_margin=&#8221;0px||0px|&#8221; custom_padding=&#8221;0px||0px|&#8221; inner_shadow=&#8221;on&#8221;][et_pb_row _builder_version=&#8221;3.19.5&#8243; gutter_width=&#8221;1&#8243; module_alignment=&#8221;center&#8221; make_fullwidth=&#8221;on&#8221; custom_width_px=&#8221;2600px&#8221; custom_margin=&#8221;0px|0px|0px|0px&#8221; custom_padding=&#8221;0px|0px|0px|0px&#8221; use_custom_gutter=&#8221;on&#8221;][et_pb_column type=&#8221;4_4&#8243;][et_pb_image _builder_version=&#8221;3.19.5&#8243; src=&#8221;https:\/\/desarrollo.vidalquadrasramon.com\/wp-content\/uploads\/2019\/02\/VQR_L_ORIGENES4.jpg&#8221; force_fullwidth=&#8221;on&#8221; align=&#8221;center&#8221; \/][\/et_pb_column][\/et_pb_row][\/et_pb_section][et_pb_section bb_built=&#8221;1&#8243; _builder_version=&#8221;3.19.5&#8243; module_id=&#8221;Servicios&#8221; prev_background_color=&#8221;#000000&#8243;][et_pb_row _builder_version=&#8221;3.19.5&#8243; use_custom_gutter=&#8221;on&#8221; gutter_width=&#8221;1&#8243; border_color_top=&#8221;#37b7b7&#8243; border_color_bottom=&#8221;#37b7b7&#8243; custom_margin=&#8221;0px||0px|&#8221; custom_padding=&#8221;0px||0px|&#8221;][et_pb_column type=&#8221;2_3&#8243;][et_pb_text _builder_version=&#8221;3.19.5&#8243; header_4_line_height=&#8221;1.5em&#8221; saved_tabs=&#8221;all&#8221; header_4_font_size=&#8221;13px&#8221; header_4_text_color=&#8221;#424242&#8243; text_font_size=&#8221;8px&#8221;] PROYECTO \u00a0 \u00a0 \u00a0 \u00a0 OR\u00cdGENES E IDENTIDAD\u00a0 \u00a0 \u00a0\u00a0 \u00a0 COMPROMISO\u00a0 \u00a0\u00a0\u00a0 \u00a0\u00a0 RECONOCIMIENTOS \u00a0 <a class=\"read-more-link\" href=\"https:\/\/desarrollo.vidalquadrasramon.com\/en\/origenes-e-identidad-2\/\">Leer +<\/a><\/p>\n","protected":false},"author":2,"featured_media":0,"parent":0,"menu_order":0,"comment_status":"closed","ping_status":"closed","template":"","meta":{"inline_featured_image":false,"_eb_attr":"","footnotes":""},"class_list":["post-1693","page","type-page","status-publish"],"_links":{"self":[{"href":"https:\/\/desarrollo.vidalquadrasramon.com\/en\/wp-json\/wp\/v2\/pages\/1693","targetHints":{"allow":["GET"]}}],"collection":[{"href":"https:\/\/desarrollo.vidalquadrasramon.com\/en\/wp-json\/wp\/v2\/pages"}],"about":[{"href":"https:\/\/desarrollo.vidalquadrasramon.com\/en\/wp-json\/wp\/v2\/types\/page"}],"author":[{"embeddable":true,"href":"https:\/\/desarrollo.vidalquadrasramon.com\/en\/wp-json\/wp\/v2\/users\/2"}],"replies":[{"embeddable":true,"href":"https:\/\/desarrollo.vidalquadrasramon.com\/en\/wp-json\/wp\/v2\/comments?post=1693"}],"version-history":[{"count":2,"href":"https:\/\/desarrollo.vidalquadrasramon.com\/en\/wp-json\/wp\/v2\/pages\/1693\/revisions"}],"predecessor-version":[{"id":4253,"href":"https:\/\/desarrollo.vidalquadrasramon.com\/en\/wp-json\/wp\/v2\/pages\/1693\/revisions\/4253"}],"wp:attachment":[{"href":"https:\/\/desarrollo.vidalquadrasramon.com\/en\/wp-json\/wp\/v2\/media?parent=1693"}],"curies":[{"name":"wp","href":"https:\/\/api.w.org\/{rel}","templated":true}]}}

<p>[et_pb_section bb_built=&#8221;1&#8243; _builder_version=&#8221;3.19.5&#8243; next_background_color=&#8221;#000000&#8243; custom_margin=&#8221;0px||0px|&#8221; custom_padding=&#8221;0px||0px|&#8221; inner_shadow=&#8221;on&#8221;][et_pb_row _builder_version=&#8221;3.19.5&#8243; gutter_width=&#8221;1&#8243; module_alignment=&#8221;center&#8221; make_fullwidth=&#8221;on&#8221; custom_width_px=&#8221;2600px&#8221; custom_margin=&#8221;0px|0px|0px|0px&#8221; custom_padding=&#8221;0px|0px|0px|0px&#8221; use_custom_gutter=&#8221;on&#8221;][et_pb_column type=&#8221;4_4&#8243;][et_pb_image _builder_version=&#8221;3.19.5&#8243; src=&#8221;https://desarrollo.vidalquadrasramon.com/wp-content/uploads/2019/02/VQR_L_ORIGENES4.jpg&#8221; force_fullwidth=&#8221;on&#8221; align=&#8221;center&#8221; /][/et_pb_column][/et_pb_row][/et_pb_section][et_pb_section bb_built=&#8221;1&#8243; _builder_version=&#8221;3.19.5&#8243; module_id=&#8221;Servicios&#8221; prev_background_color=&#8221;#000000&#8243;][et_pb_row _builder_version=&#8221;3.19.5&#8243; use_custom_gutter=&#8221;on&#8221; gutter_width=&#8221;1&#8243; border_color_top=&#8221;#37b7b7&#8243; border_color_bottom=&#8221;#37b7b7&#8243; custom_margin=&#8221;0px||0px|&#8221; custom_padding=&#8221;0px||0px|&#8221;][et_pb_column type=&#8221;2_3&#8243;][et_pb_text _builder_version=&#8221;3.19.5&#8243; header_4_line_height=&#8221;1.5em&#8221; saved_tabs=&#8221;all&#8221; header_4_font_size=&#8221;13px&#8221; header_4_text_color=&#8221;#424242&#8243; text_font_size=&#8221;8px&#8221;]</p>
<div class="et_pb_module et_pb_text et_pb_text_2 et_pb_bg_layout_light et_pb_text_align_left">
<div class="et_pb_text_inner">
<h4 style="text-align: left;"><a href="https://desarrollo.vidalquadrasramon.com/en/proyecto/">PROYECTO</a>         <span style="color: #37b7b7;">ORÍGENES E IDENTIDAD</span>         <a href="https://desarrollo.vidalquadrasramon.com/en/compromiso/">COMPROMISO</a>         <a href="https://desarrollo.vidalquadrasramon.com/en/reconocimientos/">RECONOCIMIENTOS</a>         <a href="https://desarrollo.vidalquadrasramon.com/en/responsabilidad-social/">RESPONSABILIDAD SOCIAL</a></h4>
</div>
</div>
<p>[/et_pb_text][/et_pb_column][et_pb_column type=&#8221;1_3&#8243;][/et_pb_column][/et_pb_row][et_pb_row _builder_version=&#8221;3.19.5&#8243; module_alignment=&#8221;center&#8221; gutter_width=&#8221;1&#8243; border_color_top=&#8221;#37b7b7&#8243; border_color_bottom=&#8221;#37b7b7&#8243; custom_margin=&#8221;0px|||&#8221; custom_padding=&#8221;0px|||&#8221;][et_pb_column type=&#8221;3_4&#8243;][/et_pb_column][et_pb_column type=&#8221;1_4&#8243;][et_pb_image _builder_version=&#8221;3.19.5&#8243; src=&#8221;https://desarrollo.vidalquadrasramon.com/wp-content/uploads/2019/01/VQR_IPLAW.jpg&#8221; max_width=&#8221;40%&#8221; url=&#8221;https://desarrollo.vidalquadrasramon.com/&#8221; max_width_last_edited=&#8221;on|desktop&#8221; max_width_tablet=&#8221;0%&#8221; saved_tabs=&#8221;all&#8221; show_bottom_space=&#8221;off&#8221; custom_margin=&#8221;|8px|0px|&#8221; custom_padding=&#8221;|8px|0px|&#8221; /][/et_pb_column][/et_pb_row][et_pb_row _builder_version=&#8221;3.19.5&#8243; gutter_width=&#8221;1&#8243; custom_margin_last_edited=&#8221;on|desktop&#8221; custom_padding_last_edited=&#8221;on|desktop&#8221; use_custom_gutter=&#8221;on&#8221; custom_margin=&#8221;0px|||&#8221; custom_padding=&#8221;0px|||&#8221;][et_pb_column type=&#8221;3_4&#8243;][et_pb_text _builder_version=&#8221;3.19.5&#8243; header_2_font_size=&#8221;23px&#8221; border_width_bottom=&#8221;1px&#8221; max_width=&#8221;98%&#8221;]</p>
<h4>ORIGENES E IDENTIDAD<strong><br /></strong></h4>
<p>[/et_pb_text][et_pb_text _builder_version=&#8221;3.19.5&#8243; header_2_font_size=&#8221;23px&#8221;]</p>
<p><strong>Nuestros orígenes han determinado nuestra evolución y experiencia</strong>. Hay dos despachos de abogados que han precedido al actual y que son parte de nuestra identidad: Torrents &amp; Advocats y Amat &amp; Vidal-Quadras.</p>
<p>En el año <strong>1982</strong>, Luis Torrents fundó <strong>Torrents &amp; Advocats</strong>, despacho especializado en propiedad industrial. A él se incorporó Miguel Vidal-Quadras en el año 1997. En los años 80 y 90 del siglo pasado, el despacho prestaba sus servicios con especial dedicación y compromiso a la industria nacional, lo que determinó su evolución, sobre todo en sectores como el farmacéutico, y lo convirtió en uno de los principales despachos de referencia en materia de propiedad industrial, en especial en el sector químico-farmacéutico.</p>
<p>En el año<strong> 2003</strong>, Luis Torrents y Miguel Vidal-Quadras se incorporan al bufete <strong>Amat &amp; Vidal-Quadras</strong> y crean el departamento de propiedad industrial, dirigido por Miguel Vidal-Quadras.</p>
<p>Un año más tarde, en septiembre de <strong>2004</strong>, Oriol Ramon se incorporó al departamento de propiedad industrial, contribuyendo con el tiempo a la consolidación de <strong>Amat &amp; Vidal-Quadras</strong> como referente español, a nivel nacional e internacional.</p>
<p>En el año <strong>2019</strong>, convencidos de la necesidad de centrar sus esfuerzos en el asesoramiento especializado dentro del ámbito de la propiedad industrial, Miguel Vidal-Quadras y Oriol Ramon decidieron crear su propio proyecto y fundar <strong>VIDAL-QUADRAS &amp; RAMON</strong>, un despacho exclusivamente dedicado a este área del derecho, con un alto grado de cualificación.</p>
<p>Los miembros de <strong>VIDAL-QUADRAS &amp; RAMON</strong> cuentan con la capacidad y experiencia necesarias para proporcionar el servicio riguroso y exhaustivo que precisan los asuntos más complejos en el campo de la propiedad industrial.</p>
<p><strong>Para nosotros resulta fundamental ofrecer un asesoramiento de alta calidad y rigor, con la mayor honestidad y transparencia, y basado en el estudio, la experiencia y la creatividad.</strong> En un ámbito como la propiedad industrial la especialización confiere un valor de particular importancia al servicio que prestamos.</p>
<p>[/et_pb_text][et_pb_divider _builder_version=&#8221;3.19.5&#8243; show_divider=&#8221;off&#8221; height=&#8221;5px&#8221; /][/et_pb_column][et_pb_column type=&#8221;1_4&#8243;][/et_pb_column][/et_pb_row][/et_pb_section]</p>

<p>[et_pb_section bb_built=&#8221;1&#8243; _builder_version=&#8221;3.19.5&#8243; next_background_color=&#8221;#000000&#8243; custom_margin=&#8221;0px||0px|&#8221; custom_padding=&#8221;0px||0px|&#8221; inner_shadow=&#8221;on&#8221;][et_pb_row _builder_version=&#8221;3.19.5&#8243; gutter_width=&#8221;1&#8243; module_alignment=&#8221;center&#8221; make_fullwidth=&#8221;on&#8221; custom_width_px=&#8221;2600px&#8221; custom_margin=&#8221;0px|0px|0px|0px&#8221; custom_padding=&#8221;0px|0px|0px|0px&#8221; use_custom_gutter=&#8221;on&#8221;][et_pb_column type=&#8221;4_4&#8243;][et_pb_image _builder_version=&#8221;3.19.5&#8243; src=&#8221;https://desarrollo.vidalquadrasramon.com/wp-content/uploads/2019/02/VQR_L_ORIGENES4.jpg&#8221; force_fullwidth=&#8221;on&#8221; align=&#8221;center&#8221; /][/et_pb_column][/et_pb_row][/et_pb_section][et_pb_section bb_built=&#8221;1&#8243; _builder_version=&#8221;3.19.5&#8243; module_id=&#8221;Servicios&#8221; prev_background_color=&#8221;#000000&#8243;][et_pb_row _builder_version=&#8221;3.19.5&#8243; use_custom_gutter=&#8221;on&#8221; gutter_width=&#8221;1&#8243; border_color_top=&#8221;#37b7b7&#8243; border_color_bottom=&#8221;#37b7b7&#8243; custom_margin=&#8221;0px||0px|&#8221; custom_padding=&#8221;0px||0px|&#8221;][et_pb_column type=&#8221;2_3&#8243;][et_pb_text _builder_version=&#8221;3.19.5&#8243; header_4_line_height=&#8221;1.5em&#8221; saved_tabs=&#8221;all&#8221; header_4_font_size=&#8221;13px&#8221; header_4_text_color=&#8221;#424242&#8243; text_font_size=&#8221;8px&#8221;] PROYECTO         ORÍGENES E IDENTIDAD         COMPROMISO         RECONOCIMIENTOS   <a class="read-more-link" href="https://desarrollo.vidalquadrasramon.com/en/origenes-e-identidad-2/">Leer +</a></p>
